 - -3 - (-21 + 6). What is the greatest common factor of 117 and f?
13
Let d be ((-32)/6)/(3/(-9)). Let r = -6 - -4. Let n be r/(-3) - 334/(-3). Calculate the highest common divisor of d and n.
16
Suppose -u = -6*u - 565. Let l = u - -230. Let o(g) = 13*g. Let h be o(1). What is the highest common divisor of h and l?
13
Let v(r) = -r**3 - 8*r**2 + 8. Let p be v(-8). What is the greatest common divisor of p and 88?
8
Suppose -q - 2*q + 180 = 0. Suppose f - q = -f. Suppose 5*n - 160 = -60. What is the highest common factor of n and f?
10
Suppose 5*u - 29 = -s - 0, -4*s + 8 = 2*u. What is the greatest common divisor of u and 42?
6
Suppose h - 13 = 5. Let f(x) be the second derivative of -x**3/3 - 3*x**2 + x. Let g be f(-4). What is the highest common factor of g and h?
2
Suppose 3*h - h - 10 = 0, 0 = 5*a + 3*h - 465. Let s = 8 + -4. Suppose -4*l = -5*x - 80, -x = -0*l - s*l + 64. What is the highest common divisor of a and l?
15
Suppose 62 = 2*w + 2*x, 47 = -4*w + 6*w - 3*x. Let c = -7 - -1. Let h be 2/3 - 80/c. Calculate the greatest common divisor of w and h.
14
Suppose 0 = -2*u - 7 + 11. Suppose 3*n - 5*t = 117, t - u*t - 41 = -n. Calculate the highest common factor of 4 and n.
4
Let g = 23 - 21. What is the greatest common divisor of g and 2?
2
Suppose 3*a - 5*b = 225, -311 = -4*a - 0*b + 3*b. Suppose -15*p + 222 = -18. Calculate the highest common divisor of p and a.
16
Let s = 13 - 10. Suppose i = f - 0*i, s*f + 5*i - 16 = 0. What is the highest common factor of f and 22?
2
Let p(j) = j**2 - 2*j + 3. Let l be p(6). Suppose -3*a = -4*a + l. What is the highest common factor of 9 and a?
9
Suppose -15*u + 13*u + 29 = 3*y, -5*y + 11 = u. Let h be (-2 + 1)/((-2)/578). Suppose -2*l - 33 = -h. What is the greatest common divisor of u and l?
16
Let g(n) = n**3 + 5*n**2 - 9*n - 9. Let l be g(-5). Calculate the highest common factor of 18 and l.
18
Let j = -27 - -44. Suppose 5*m = 4*r + 785, 3*m + 163 = 4*m - 2*r. Calculate the highest common divisor of j and m.
17
Let h(i) = 7*i + 7. Let t(u) = -7*u - 7. Let a(k) = 7*h(k) + 6*t(k). Let d be a(5). What is the highest common divisor of d and 14?
14
Suppose -57 = -3*p + 42. What is the greatest common factor of 11 and p?
11
Let l(d) = -d + 8. Let t be l(7). Let h be 67/t - (-6 + 3). What is the greatest common divisor of 7 and h?
7
Let v(z) = -4*z - 8. Let p be v(-7). Calculate the highest common factor of 5 and p.
5
Suppose h - 36 = -5*w + w, 4*h - 2*w = 162. Let v(t) = 2*t + 3*t + 3*t. Let m be v(1). What is the greatest common factor of m and h?
8
Let t = 18 - 13. Suppose -t*f + 21 + 4 = 0, d - 4*f = 85. Let j(u) = 21*u**2 - u + 1. Let v be j(1). Calculate the greatest common factor of d and v.
21
Suppose 0 = 4*g - i - 0*i - 66, 0 = -g - 2*i + 21. What is the highest common divisor of g and 85?
17
Let u(p) = 46*p**3 - 1. Suppose 4*o + 0 = 4. Let z be u(o). What is the highest common factor of z and 9?
9
Suppose -h = 5*j + 5 + 3, -j = 4*h - 44. Let q = 351 - 255. Calculate the greatest common factor of h and q.
12
Let k(v) be the second derivative of -3*v**3/2 + 3*v**2/2 + 3*v. Let c be k(-2). Calculate the highest common divisor of c and 14.
7
Let v(o) = o**2 + 20*o - 3. Let w be v(-21). What is the highest common factor of 18 and w?
18
Let k(s) = 3*s - 7. Let r be k(4). Calculate the highest common divisor of r and 2.
1
Let g = 5 + -2. Let z(n) = 3 - 1 + 0*n + g*n. Let v be z(2). Calculate the greatest common divisor of 8 and v.
8
Suppose 15*v = 13*v + 28. Calculate the greatest common factor of v and 21.
7
Let i(v) = -v**2 - 6*v - 3. Let g be i(-4). Suppose -2*p = -g*p + 4*u + 328, 2*p = -3*u + 213. What is the highest common divisor of p and 12?
12
Let m(j) = -j - 7. Let b be m(-7). Suppose 5*r + 17 + 8 = b. Let c be (13/2)/(r/(-20)). What is the highest common divisor of c and 39?
13
Let f = 27 - 12. Calculate the highest common divisor of 45 and f.
15
Let a(y) = -46*y - 2. Let c be a(-3). Let i be c/20*5/1. What is the greatest common divisor of 51 and i?
17
Suppose -3*w + 5*w - 14 = 0. Suppose w = 4*a - 17. Calculate the highest common divisor of 66 and a.
6
Let q be 8/(-28) + 228/14. Let y = -118 + 198. Calculate the greatest common factor of y and q.
16
Let y(z) = -z**3 - 3*z**2 - 4*z - 10. Let j be y(-5). Calculate the highest common divisor of j and 20.
20
Let m(o) = o + 12. Let i be m(-7). What is the highest common factor of i and 45?
5
Let d = 83 - 19. Calculate the greatest common factor of 4 and d.
4
Let f(l) = -l**2 + 20*l - 16. Let j be f(16). What is the greatest common factor of 8 and j?
8
Suppose -5*o - 4*g + 4 = 0, 28*o - 32*o + 4*g = -32. Let r(s) = 35*s**2 - 2*s - 1. Let q be r(-1). What is the greatest common factor of o and q?
4
Let c(p) = p**3 - p**2 + p + 12. Suppose -4*u - 4*j = -2 + 18, -8 = 4*u + 2*j. Let i be c(u). What is the greatest common divisor of 84 and i?
12
Suppose -5*f + 37 = m + 2*m, -2*m = 2. Let b(g) = g + 2. Let a be b(6). Calculate the highest common divisor of f and a.
8
Let j(f) = 19*f**3 + 2*f**2 - 2*f + 1. Let o be j(1). Let d be 2/(2 - 2/(-10)*-8). What is the greatest common divisor of o and d?
5
Let f(u) = -u**2 - 12*u + 18. Let d be f(-12). Calculate the highest common divisor of 45 and d.
9
Let d be 17*1*(3 - 2). Let l(h) = -h**3 - 10*h**2 + 11*h + 17. Let w be l(-11). Calculate the greatest common factor of w and d.
17
Suppose 4*u - i = 307, 6*i = -3*u + 2*i + 235. Let m be 2/6 - 32/(-3). What is the greatest common factor of u and m?
11
Suppose -2*j - 3*j + f = -17, -2*j + 11 = f. Let b be 1072/208 + j/(-26). Calculate the highest common divisor of b and 40.
5
Let k = -7 - -9. Suppose -4 = -x - k*m, 0 = 3*x + x + m - 9. Suppose -83 = -x*a + 1. What is the greatest common factor of 7 and a?
7
Let q = 10 - -1. What is the highest common factor of 11 and q?
11
Let x = 37 - 1. What is the greatest common factor of 9 and x?
9
Let u(r) = -r**2 + 8*r + 17. Let q be u(9). What is the greatest common factor of 8 and q?
8
Let f = -11 + 13. What is the greatest common factor of 4 and f?
2
Suppose -2*r + 11 = -3*v - 14, -3*r - v + 10 = 0. Suppose 120 = r*o - o. Let n = 19 + -7. What is the greatest common divisor of n and o?
6
Let c be (-12)/(-1 + -5) + 1. What is the greatest common factor of 3 and c?
3
Let d be 38 + 2/(4/(-4)). What is the greatest common factor of 12 and d?
12
Suppose 4*a = 4*p + 204, -3*a + 5*p - 3 = -158. Let x = -3 - -128. What is the highest common divisor of x and a?
25
Let b(u) = -4*u**2 - 2*u + 0*u - u - 6 + 5*u**2. Let y be b(7). Let n = y + -13. Calculate the highest common divisor of 9 and n.
9
Suppose -38 = -4*c + 22. Calculate the greatest common factor of 120 and c.
15
Let k be 42 + 2 + -2 - 2. Let l be (-12*2)/(3/(-2)). What is the greatest common factor of k and l?
8
Let d be (-1)/(-3) + (-6)/(-9). Suppose 0 = -2*k - 32 + 4. Let v be 188/28 - 4/k. What is the highest common factor of v and d?
1
Let p be 748/154 + 2/14. What is the greatest common factor of p and 35?
5
Let r = -10 + 13. Calculate the greatest common factor of r and 24.
3
Suppose -4*g - 4*o + 5 + 11 = 0, -4*g + 3*o + 2 = 0. Let v = -6 + 4. Let n = g - v. What is the highest common factor of 4 and n?
4
Let c be (1 + 1 - 2) + 11. Suppose -3*q = 2*q + k + c, -4*k = 4. Let p be (6/4)/((-1)/q). Calculate the greatest common factor of p and 2.
1
Let n(x) = -x**3 + 7*x. Let k be n(-6). Suppose 0 = 3*r + 3, k = 3*j - 2*r - 185. Calculate the greatest common factor of j and 17.
17
Let c be 1349/4 + 6/(-24). Let k = -194 + c. Let b = 6 - -7. Calculate the greatest common factor of k and b.
13
Let z(q) = -q + 5. Let t be z(3). Suppose 14 = -g + t*g. What is the highest common factor of g and 70?
14
Suppose -5*n = 5*f - 21 - 34, n - 5 = -3*f. Calculate the highest common divisor of 70 and n.
14
Let m(w) = 2*w**3 + w**2. Let j be m(1). Let y(k) = -15*k + 4. Let z be y(-2). Suppose f + z = j*f. What is the highest common divisor of 187 and f?
17
Suppose 0*j + 6*j = 12. What is the highest common divisor of 4 and j?
2
Let y be (-16)/(-6) - (-4)/(-6). Suppose -y*t - 3 = 5*a - 6, 0 = -a - 5. Let m = -25 - -95. Calculate the greatest common divisor of t and m.
14
Let k be 0 - (-1 + 2 + 1). Let r = k - -5. Suppose 22 = r*j - 38. Calculate the greatest common factor of 3